19 divide 18770939?
False
Does 3656 divide 1618462135?
False
Is 61 a factor of 46890578?
True
Does 1830 divide 90506310?
True
Is 57888120 a multiple of 551?
False
Is 153566030 a multiple of 29?
False
Is 88 a factor of 35437648?
False
Is 311 a factor of 70682318?
False
Is 73805024 a multiple of 17?
True
Is 4913 a factor of 86439535?
False
Is 3281600 a multiple of 700?
True
Is 44844901 a multiple of 3432?
False
Is 49685948 a multiple of 35?
False
Does 369 divide 200232324?
False
Is 26149689 a multiple of 391?
True
Does 15 divide 14841180?
True
Is 311 a factor of 365393278?
True
Is 103 a factor of 12976377?
False
Is 15908592 a multiple of 1356?
True
Is 30844382 a multiple of 82?
True
Is 55335471 a multiple of 19?
False
Is 28 a factor of 613498172?
True
Is 109289205 a multiple of 15?
True
Is 648 a factor of 229171680?
True
Is 31 a factor of 109510135?
True
Is 85088428 a multiple of 31?
True
Is 1659313893 a multiple of 2934?
False
Does 168 divide 262088835?
False
Is 2650453369 a multiple of 8?
False
Is 189 a factor of 52232607?
True
Does 29 divide 1457415996?
True
Is 258 a factor of 48404889?
False
Is 44880344 a multiple of 711?
False
Does 7227 divide 620817606?
False
Does 787 divide 1198823223?
False
Is 4 a factor of 108557476?
True
Is 5081017 a multiple of 89?
False
Does 38 divide 22428114?
False
Is 38326527 a multiple of 73?
False
Does 301 divide 25705557?
False
Does 243 divide 843007338?
True
Does 38 divide 10003880?
True
Is 601 a factor of 177869556?
True
Does 94 divide 612661884?
False
Does 34 divide 46318982?
True
Is 10556172 a multiple of 12?
True
Is 25 a factor of 48260991?
False
Is 19399695 a multiple of 361?
False
Does 44 divide 4199097?
False
Is 154 a factor of 12175856?
True
Is 545 a factor of 28102309?
False
Is 88 a factor of 68293808?
True
Does 529 divide 29912834?
True
Is 16 a factor of 93815553?
False
Does 238 divide 95455978?
False
Is 333 a factor of 16975674?
True
Is 137 a factor of 1211141574?
False
Is 16554725 a multiple of 275?
True
Does 53 divide 2054700343?
True
Is 1370 a factor of 226717190?
True
Is 1638 a factor of 74366838?
True
Does 75 divide 124797225?
True
Does 101 divide 806663369?
False
Does 107 divide 292692401?
True
Is 1861 a factor of 210756554?
False
Does 9 divide 8070399?
True
Is 111967350 a multiple of 980?
False
Is 228 a factor of 10885404?
True
Is 556359 a multiple of 166?
False
Is 493142250 a multiple of 10?
True
Is 10 a factor of 127062910?
True
Is 374818931 a multiple of 1196?
False
Is 1844286344 a multiple of 67?
False
Is 206248450 a multiple of 50?
True
Is 218776044 a multiple of 9?
False
Is 27883075 a multiple of 2255?
True
Is 12 a factor of 12130559?
False
Does 887 divide 12976509?
False
Is 15635762 a multiple of 142?
True
Is 1140156 a multiple of 153?
True
Is 148 a factor of 15337240?
True
Is 115 a factor of 3071383?
False
Is 92 a factor of 115051612?
True
Does 194 divide 347682571?
False
Does 99 divide 39385863?
True
Is 16610058 a multiple of 84?
False
Is 1826 a factor of 308261688?
False
Is 567221089 a multiple of 9113?
False
Is 1385 a factor of 314955925?
True
Is 14 a factor of 1333040578?
False
Is 3509 a factor of 6215857908?
False
Is 79 a factor of 6855936?
True
Is 297 a factor of 1744337459?
False
Does 20 divide 182795840?
True
Does 13 divide 35073194?
True
Is 531 a factor of 12127509?
True
Is 170331383 a multiple of 1937?
False
Is 140556 a multiple of 663?
True
Is 1520682734 a multiple of 2161?
True
Is 34 a factor of 350969692?
True
Is 105481524 a multiple of 10?
False
Is 2112219571 a multiple of 10387?
False
Is 52656146 a multiple of 2?
True
Is 636 a factor of 2110133520?
True
Is 16 a factor of 46529296?
True
Is 1607386216 a multiple of 226?
False
Does 49 divide 199004787?
False
Is 1023 a factor of 310586892?
True
Does 14 divide 333225564?
True
Is 241776471 a multiple of 1641?
False
Is 21526148 a multiple of 68?
True
Is 855367428 a multiple of 12?
True
Is 12 a factor of 10984343?
False
Is 1545189077 a multiple of 1201?
False
Is 12 a factor of 46013271?
False
Is 1399 a factor of 30973860?
True
Is 10 a factor of 911790965?
False
Is 63 a factor of 37578509?
False
Is 81496754 a multiple of 734?
True
Is 4451 a factor of 3094869262?
False
Is 90379256 a multiple of 484?
True
Is 19451104 a multiple of 16?
True
Does 133 divide 14707007?
True
Does 2027 divide 250729765?
True
Is 20 a factor of 198904806?
False
Is 18 a factor of 337052808?
True
Does 25 divide 61802050?
True
Is 410759814 a multiple of 412?
False
Is 539 a factor of 76588666?
True
Is 41230941 a multiple of 121?
False
Does 3268 divide 3521943208?
True
Is 2707059195 a multiple of 1935?
True
Is 1325445911 a multiple of 2099?
False
Does 72 divide 1268284176?
True
Is 4 a factor of 3415373?
False
Does 346 divide 1289428512?
True
Is 30910764 a multiple of 25?
False
Is 53586609 a multiple of 183?
True
Is 15 a factor of 45363941?
False
Is 8 a factor of 77029144?
True
Is 43 a factor of 98549291?
False
Is 56668500 a multiple of 4500?
True
Does 136 divide 53916520?
True
Does 114 divide 182667562?
False
Is 330 a factor of 392690699?
False
Is 1666 a factor of 467952498?
False
Is 5643 a factor of 2843622465?
False
Is 1561909434 a multiple of 87?
True
Is 156145920 a multiple of 3840?
True
Is 52533522 a multiple of 415?
False
Is 20 a factor of 506069107?
False
Does 208 divide 1774256998?
False
Is 26334593 a multiple of 383?
False
Is 8 a factor of 1485120029?
False
Does 36 divide 5987954?
False
Does 3308 divide 488487770?
False
Is 18 a factor of 84074046?
False
Is 112 a factor of 25321968?
True
Is 138 a factor of 88494846?
True
Does 407 divide 799150?
False
Does 10 divide 675043918?
False
Is 585 a factor of 767633554?
False
Is 103932387 a multiple of 74?
False
Does 4423 divide 775952975?
False
Is 19962630 a multiple of 11?
False
Does 47 divide 6316117795?
True
Does 694 divide 142793276?
True
Is 616127720 a multiple of 130?
True
Is 24868150 a multiple of 43?
False
Is 22382644 a multiple of 42?
False
Is 14998944 a multiple of 12?
True
Does 974 divide 986808100?
True
Does 200 divide 1334297600?
True
Is 847144257 a multiple of 914?
False
Does 340 divide 235284420?
True
Does 10 divide 1243671950?
True
Is 1698514432 a multiple of 2836?
True
Is 23 a factor of 53837779?
True
Is 93 a factor of 421660?
False
Does 10 divide 3131150?
True
Is 869029744 a multiple of 22?
True
Is 28985930 a multiple of 10?
True
Is 67 a factor of 6551484?
False
Does 388 divide 251858172?
True
Is 246 a factor of 2634321401?
False
Is 186829305 a multiple of 13?
True
Is 41612738 a multiple of 695?
False
Is 1656 a factor of 118226808?
True
Is 23 a factor of 424645554?
False
Is 26 a factor of 478205663?
False
Is 378 a factor of 13880926?
False
Does 28 divide 32043256?
True
Does 11 divide 123055133?
False
Is 18 a factor of 308724023?
False
Does 1220 divide 43039160?
True
Is 214686516 a multiple of 167?
True
Is 93684942 a multiple of 2687?
True
Is 10949670 a multiple of 346?
False
Is 6 a factor of 356777389?
False
Is 2507877 even?
False
Is 1301315051 a multiple of 44?
False
Is 3014811807 a multiple of 428?
False
Is 14 a factor of 65030?
True
Is 2776 a factor of 305110872?
False
Does 302 divide 554543876?
True
Is 11 a factor of 640826?
False
Is 81786312 a multiple of 16?
False
Is 1402 a factor of 133881186?
True
Is 362 a factor of 3993389606?
True
Does 186 divide 331895796?
True
Does 5541 divide 62407182?
False
Is 66446912 a multiple of 28?
True
Is 29981023 a multiple of 22?
False
Is 319 a factor of 2034217702?
True
Does 933 divide 433253516?
False
Does 43 divide 5561792?
True
Is 32591531 a multiple of 83?
False
Is 914445341 a multiple of 9267?
False
Does 293 divide 27805978?
False
Does 802 divide 5528429377?
False
Is 204 a factor of 81925788?
True
Is 253 a factor of 83950966?
True
Is 15828227 a multiple of 109?
False
Is 34 a factor of 190263354?
True
Is 3412 a factor of 72606977?
False
Does 75 divide 1005107100?
True
Is 174548859 a multiple of 626?
False
Is 11 a factor of 4824720263?
True
Is 8276 a factor of 798923660?
True
Is 3489624 a multiple of 612?
True
Does 3776 divide 428240423?
False
Is 5842213 a multiple of 113?
True
Is 74 a factor of 31142900?
True
Is 43 a factor of 139509302?
False
Is 484039117 a multiple of 43?
False
Is 2566355792 a multiple of 28?
True
Is 47613110 even?
True
Is 39